9
In base 16, what is bf7d - 0?
bf7d
In base 4, what is -23 - 111310231?
-111310320
In base 12, what is -14b60 + -10?
-14b70
In base 11, what is 205 + 42a1?
44a6
In base 7, what is -5 - -31654?
31646
In base 8, what is 11264 - -113?
11377
In base 10, what is -1 + -1645203?
-1645204
In base 15, what is -1 + -1246?
-1247
In base 11, what is 85607 - -1?
85608
In base 5, what is 0 - -3431420?
3431420
In base 7, what is 1 + -333236?
-333235
In base 8, what is 620 + 7544?
10364
In base 3, what is -201100102 - -2?
-201100100
In base 7, what is 44 + 1102624?
1103001
In base 11, what is 0 - -6185a?
6185a
In base 3, what is 12 + -201212112122?
-201212112110
In base 12, what is -2 - 2798?
-279a
In base 6, what is 220 + 5243?
5503
In base 2, what is 1010100000 + -1101101110?
-11001110
In base 3, what is 11010111021 + -11?
11010111010
In base 16, what is 79 - -2a?
a3
In base 10, what is 5 + 13919?
13924
In base 14, what is -80b - 12?
-81d
In base 4, what is -123232 - 2211?
-132103
In base 10, what is -109547 - -4?
-109543
In base 9, what is -1 + -86616?
-86617
In base 16, what is -83d - -4e?
-7ef
In base 4, what is 0 - -31303130?
31303130
In base 15, what is -27372 - 2?
-27374
In base 5, what is -13 - 10342324?
-10342342
In base 7, what is 500 + 1065?
1565
In base 16, what is -490 + 133?
-35d
In base 9, what is 426 - 1177?
-651
In base 16, what is -4 + 47a2?
479e
In base 14, what is -5 + b820?
b819
In base 16, what is -38 - -b2?
7a
In base 7, what is -1406 + -20355?
-22064
In base 16, what is -4576d + -10?
-4577d
In base 13, what is -62 + 212?
180
In base 4, what is 11 + -10101202?
-10101131
In base 16, what is 0 + -492f?
-492f
In base 9, what is -4212 - 10?
-4222
In base 16, what is -17d + 386?
209
In base 7, what is -24062 - -12?
-24050
In base 5, what is 30 - 24444?
-24414
In base 11, what is -52 - 46393?
-46435
In base 11, what is -730 + 736?
6
In base 11, what is 9657 - -6?
9662
In base 5, what is -110031 + 10?
-110021
In base 16, what is -24 - -6f5?
6d1
In base 8, what is -12 - -633?
621
In base 15, what is -32 + 7903?
78c1
In base 11, what is 1251a + 31?
12550
In base 9, what is -15 - -32652?
32636
In base 14, what is 79b8b - 5?
79b86
In base 8, what is 555 + 16020?
16575
In base 13, what is 71 + a35?
aa6
In base 7, what is 15 - -23560?
23605
In base 10, what is -5 - 1635494?
-1635499
In base 12, what is -2aa4 - -a?
-2a96
In base 16, what is -5 + 14bd58?
14bd53
In base 5, what is -44 - -33433?
33334
In base 12, what is 509433 + -4?
50942b
In base 9, what is -2 - 1507?
-1510
In base 12, what is -183 - 1ba?
-381
In base 15, what is -41a0 - -4?
-419b
In base 14, what is -17 - -d1?
b8
In base 14, what is 1122 - 1?
1121
In base 8, what is 4 + 64774?
65000
In base 13, what is 0 + -2285b7?
-2285b7
In base 12, what is 10 - 57255?
-57245
In base 10, what is -9639 - 36?
-9675
In base 14, what is 7 + -60d?
-606
In base 2, what is -111100010110000 - -110?
-111100010101010
In base 8, what is -3 - -1260513?
1260510
In base 16, what is -5 + -d1e09?
-d1e0e
In base 12, what is -2097 - 1a?
-20b5
In base 14, what is -2 + 8d15?
8d13
In base 3, what is 21200 - 1202200?
-1111000
In base 5, what is -1302241 + -1?
-1302242
In base 10, what is 2617 + 297?
2914
In base 5, what is -121243010 + 4?
-121243001
In base 9, what is -3 - 213460?
-213463
In base 11, what is -5a - 1226?
-1285
In base 2, what is -11111100110 + 10100?
-11111010010
In base 12, what is 2 - 24b3?
-24b1
In base 16, what is 2237 - 38?
21ff
In base 9, what is -3664 - 181?
-3855
In base 10, what is -6 - 693?
-699
In base 11, what is -8 + -4915?
-4922
In base 11, what is -527 + -2601?
-3028
In base 16, what is -9d8f + -3?
-9d92
In base 2, what is 100 - 11110010001011100?
-11110010001011000
In base 9, what is -4 - 11468?
-11473
In base 5, what is 4 + 2130111?
2130120
In base 5, what is -123 + 44034?
43411
In base 11, what is 23 - 2606?
-2593
In base 2, what is -10100111100100100011 + 1010?
-10100111100100011001
In base 4, what is 13 + 122200?
122213
In base 6, what is 21514 + 10?
21524
In base 11, what is -92 + 64a?
568
In base 16, what is 59e9 - b?
59de
In base 16, what is 35 - 0?
35
In base 8, what is 142 + 417?
561
In base 13, what is -17 + 51c6?
51ac
In base 6, what is -15120 - -11?
-15105
In base 14, what is 4dabdd - 3?
4dabda
In base 16, what is -2e + a23?
9f5
In base 16, what is -3 + c5ca?
c5c7
In base 8, what is 56 + 24?
102
In base 6, what is 0 - 3322110?
-3322110
In base 16, what is -1 + 14b87?
14b86
In base 2, what is -10111111001011000 - 11?
-10111111001011011
In base 15, what is 6 - -d729?
d730
In base 12, what is -2 - -109b20?
109b1a
In base 4, what is 32 - -113213?
113311
In base 15, what is eae6 - 0?
eae6
In base 14, what is 3554 - -3?
3557
In base 14, what is 2 + 8925c?
89260
In base 11, what is -550 - -277?
-284
In base 15, what is 2 + -2ce3?
-2ce1
In base 7, what is -32 + -130231?
-130263
In base 10, what is -3 - 28042?
-28045
In base 15, what is 3 + -6d05?
-6d02
In base 8, what is -3 + 17341?
17336
In base 7, what is 204 + 43?
250
In base 5, what is -40310 + -2200?
-43010
In base 11, what is 1441 + 116?
1557
In base 16, what is 4 - 41af?
-41ab
In base 11, what is -7a - -4070?
3aa1
In base 5, what is -3242421012 + 1?
-3242421011
In base 6, what is -105305010 + -5?
-105305015
In base 13, what is -4 + -2a758?
-2a75c
In base 12, what is 3 - -1aa8a?
1aa91
In base 4, what is -23110332 + -1?
-23110333
In base 12, what is -35 - 22?
-57
In base 12, what is -1265 - b34?
-2199
In base 11, what is -549 + 5?
-544
In base 10, what is -22 + 1302?
1280
In base 2, what is -101110 + -1000110000101?
-1000110110011
In base 10, what is 3 + -1485?
-1482
In base 5, what is 42301 + -1412?
40334
In base 4, what is -1002 - 1200313?
-1201321
In base 2, what is -111100100001 - 100100?
-111101000101
In base 5, what is -23 + -31430?
-32003
In base 11, what is 1 + 6681?
6682
In base 16, what is -72 - -e1?
6f
In base 11, what is -5 - 4a7723?
-4a7728
In base 7, what is 1646442 + 4?
1646446
In base 3, what is -12112122122 + -210?
-12112200102
In base 3, what is -1011221 + -10122?
-1022120
In base 6, what is -34523 + 14?
-34505
In base 4, what is -20103121 - 23?
-20103210
In base 14, what is -3 + 62559?
62556
In base 9, what is 17373 + 2?
17375
In base 15, what is -235b + -5?
-2361
In base 5, what is 10 + -2134411?
-2134401
In base 12, what is 52063 + 3?
52066
In base 10, what is -12911 + -2?
-12913
In base 3, what is 2 + -200020202?
-200020200
In base 7, what is -4 + 124163?
124156
In base 16, what is -295008 - -2?
-295006
In base 7, what is -1136 - -23?
-1113
In base 9, what is -182 + 304?
112
In base 6, what is -520420 + 11?
-520405
In base 16, what is -156f - 1cf?
-173e
In base 15, what is -3c8 - 4e?
-427
In base 9, what is -655530 + -5?
-655535
In base 15, what is 2 + -17953?
-17951
In base 13, what is 1 + -124c4?
-124c3
In base 2, what is -110110000110101 + 1011?
-110110000101010
In base 3, what is -202021002 + 1202?
-202012100
In base 16, what is -5 - 6e4b?
-6e50
In base 16, what is -2 - -7c441?
7c43f
In base 3, what is 2000110221 - 10?
2000110211
In base 9, what is 25 + 1610?
1635
In base 13, what is -6562a + -1?
-6562b
In base 2, what is 1101001111101110101 + -101?
1101001111101110000
In base 13, what is 6 + cb333?
cb339
In base 9, what is -2626726 - -5?
-2626721
In base 8, what is -435 + -4535?
-5172
In base 8, what is 420 + -724?
-304
In base 5, what is 4 + -33412132?
-33412123
In base 13, what is 46 + -8964?
-891b
In base 15, what is 2d + 13b?
169
In base 8, what is 75401 - 104?
75275
In base 12, what is 17b4 - 7?
17a9
In base 13, what is -a1508 + -1?
-a1509
In base 7, what is 3532626 + -5?
3532621
In base 2, what is 10111110100001101011 - 100?
10111110100001100111
In base 2, what is 10000011 + -10001100100011?
-10001010100000
In base 14, what is -1607 + -149?
-1752
In base 15, what is 20ea8c - -2?
20ea8e
In base 7, what is 146 + 14566?
15045
In base 15, what is 5d92 + d4?
5e76
In base 8, what is -1061 - -3061?
2000
In base 6, what is -2001 + 553?
-1004
In base 16, what is 10 + -1e4?
-1d4
In base 14, what is 2dc - -2a?
328
In base 4, what is 10200 - -132311?
203111
In base 8, what is 552 + 1533?
2305
In base 5, what is -124 - 114432?
-120111
In base 8, what is -77105 + -1?
-77106
In base 13, what is b7c + -7c?